{"id":1217,"date":"2021-01-24T19:37:40","date_gmt":"2021-01-24T18:37:40","guid":{"rendered":"https:\/\/theaarburg.ch\/cafe\/"},"modified":"2023-03-11T18:28:21","modified_gmt":"2023-03-11T17:28:21","slug":"cafe","status":"publish","type":"page","link":"https:\/\/theaarburg.ch\/de\/cafe\/","title":{"rendered":"Caf\u00e9"},"content":{"rendered":"\n\n\t<section class=\"ta-home-hero\">\n        <div class=\"home-hero-slider cafe\">\n                            <div class=\"home-hero-image\"><img data-lazy=\"https:\/\/theaarburg.ch\/wp-content\/uploads\/2019\/04\/the-aarburg-best-cafe-interlaken.jpg\" alt=\"\" \/><\/div>\n                            <div class=\"home-hero-image\"><img data-lazy=\"https:\/\/theaarburg.ch\/wp-content\/uploads\/2022\/02\/Cafe-Bar.jpg\" alt=\"\" \/><\/div>\n                            <div class=\"home-hero-image\"><img data-lazy=\"https:\/\/theaarburg.ch\/wp-content\/uploads\/2021\/01\/Drone-Photo-6.jpg\" alt=\"\" \/><\/div>\n                    <\/div>\n\n    <\/section>\n<h2><\/h2>\n<h4>\u00d6ffnungszeiten:<\/h4>\n\n\n<h1><\/h1>\n\n\n\n\t\n            <div id=\"theAarburgMenu\" class=\"menuIframe\">\n            <iframe src=\"https:\/\/theaarburg.ch\/wp-content\/uploads\/2026\/04\/Food-Spring-2026-compressed.pdf\" width=\"100%\" height=\"100%\"><\/iframe>\n        <\/div>\n\n\t\n            <div \n                class=\"elfsight-widget-instagram-feed elfsight-widget\" \n                data-elfsight-instagram-feed-options=\"%7B%22apiChangesMessage%22%3Anull%2C%22sourceType%22%3A%22businessAccount%22%2C%22source%22%3A%5B%22%40theaarburg%22%5D%2C%22personalAccessToken%22%3A%22%22%2C%22businessAccessToken%22%3A%22e1e42ac6-001f-46b5-b48e-8d6b80b50124%22%2C%22businessAccount%22%3A%7B%22name%22%3A%22The%20Aarburg%22%2C%22value%22%3A%2217841405451167277%22%2C%22username%22%3A%22theaarburg%22%2C%22profile_picture_url%22%3A%22https%3A%5C%2F%5C%2Fscontent-lax3-2.xx.fbcdn.net%5C%2Fv%5C%2Ft51.2885-15%5C%2F80093255_643173856487816_8420373745624940544_n.jpg%3F_nc_cat%3D111%26ccb%3D2%26_nc_sid%3D86c713%26_nc_ohc%3DJJE6mR7AjVMAX80HnKb%26_nc_ht%3Dscontent-lax3-2.xx%26oh%3D5977236fcb12e915723b3767074e9ad2%26oe%3D603193EB%22%7D%2C%22position%22%3A%22%22%2C%22businessHashtag%22%3A%22%23eiffeltower%22%2C%22filterOnly%22%3A%5B%5D%2C%22filterExcept%22%3A%5B%5D%2C%22limit%22%3A0%2C%22order%22%3A%22date%22%2C%22layout%22%3A%22slider%22%2C%22postTemplate%22%3A%22tile%22%2C%22columns%22%3A6%2C%22rows%22%3A1%2C%22gutter%22%3A20%2C%22responsive%22%3A%5B%7B%22minWidth%22%3A%22768%22%2C%22columns%22%3A%222%22%2C%22rows%22%3A1%2C%22gutter%22%3A%2220%22%7D%2C%7B%22minWidth%22%3A%22998%22%2C%22columns%22%3A%223%22%2C%22rows%22%3A%221%22%2C%22gutter%22%3A%2220%22%7D%5D%2C%22width%22%3A%22auto%22%2C%22callToActionButtons%22%3A%5B%5D%2C%22postElements%22%3A%5B%22user%22%2C%22date%22%2C%22instagramLink%22%2C%22likesCount%22%2C%22commentsCount%22%2C%22share%22%2C%22text%22%5D%2C%22popupElements%22%3A%5B%22user%22%2C%22location%22%2C%22followButton%22%2C%22instagramLink%22%2C%22likesCount%22%2C%22share%22%2C%22text%22%2C%22comments%22%2C%22date%22%5D%2C%22imageClickAction%22%3A%22popup%22%2C%22sliderArrows%22%3Atrue%2C%22sliderDrag%22%3Atrue%2C%22sliderSpeed%22%3A0.28%2C%22sliderAutoplay%22%3A%22%22%2C%22colorScheme%22%3A%22default%22%2C%22colorPostOverlayBg%22%3A%22rgba%2813%2C%2036%2C%2054%2C%200.8%29%22%2C%22colorPostOverlayText%22%3A%22rgb%28253%2C%20253%2C%20253%29%22%2C%22colorPostBg%22%3A%22rgb%28255%2C%20255%2C%20255%29%22%2C%22colorPostText%22%3A%22rgb%280%2C%200%2C%200%29%22%2C%22colorPostLinks%22%3A%22rgb%280%2C%2053%2C%20107%29%22%2C%22colorSliderArrows%22%3A%22rgb%28253%2C%20253%2C%20253%29%22%2C%22colorSliderArrowsBg%22%3A%22rgb%2813%2C%2036%2C%2054%29%22%2C%22colorGridLoadMoreButton%22%3A%22rgb%28243%2C%20171%2C%2060%29%22%2C%22colorPopupOverlay%22%3A%22rgba%2843%2C%2043%2C%2043%2C%200.9%29%22%2C%22colorPopupBg%22%3A%22rgb%28253%2C%20253%2C%20253%29%22%2C%22colorPopupText%22%3A%22rgb%280%2C%200%2C%200%29%22%2C%22colorPopupLinks%22%3A%22rgb%280%2C%2053%2C%20105%29%22%2C%22colorPopupFollowButton%22%3A%22rgb%28243%2C%20171%2C%2060%29%22%2C%22colorPopupCtaButton%22%3A%22rgb%28243%2C%20171%2C%2060%29%22%2C%22widgetTitle%22%3A%22%22%2C%22lang%22%3A%22en%22%2C%22apiUrl%22%3A%22https%3A%5C%2F%5C%2Ftheaarburg.ch%5C%2Fde%5C%2Fwp-json%5C%2Felfsight-instagram-feed%5C%2Fapi%22%2C%22apiProxyUrl%22%3A%22https%3A%5C%2F%5C%2Ftheaarburg.ch%5C%2Fde%5C%2Fwp-json%5C%2Felfsight-instagram-feed%22%2C%22widgetId%22%3A%222%22%7D\" \n                data-elfsight-instagram-feed-version=\"4.0.1\"\n                data-elfsight-widget-id=\"elfsight-instagram-feed-2\">\n            <\/div>\n            \n\t\t\t\t<img decoding=\"async\" src=\"https:\/\/theaarburg.ch\/wp-content\/plugins\/bb-plugin\/img\/pixel.png\" alt=\"\" itemprop=\"image\" onerror=\"this.style.display='none'\"  \/>\n<h1><\/h1>\n\n\n","protected":false},"excerpt":{"rendered":"<p>\u00d6ffnungszeiten:<\/p>\n","protected":false},"author":1,"featured_media":0,"parent":0,"menu_order":0,"comment_status":"closed","ping_status":"closed","template":"","meta":{"inline_featured_image":false},"acf":[],"yoast_head":"<!-- This site is optimized with the Yoast SEO plugin v21.8.1 - https:\/\/yoast.com\/wordpress\/plugins\/seo\/ -->\n<title>Caf\u00e9 - the aarburg<\/title>\n<meta name=\"description\" content=\"Das Interlaken Cafe serviert Kaffeespezialit\u00e4ten, lokales Bier &amp; Wein und modernes Fr\u00fchst\u00fcck, Mittagessen &amp; Brunch.\" \/>\n<meta name=\"robots\" content=\"index, follow, max-snippet:-1, max-image-preview:large, max-video-preview:-1\" \/>\n<link rel=\"canonical\" href=\"https:\/\/theaarburg.ch\/de\/cafe\/\" \/>\n<meta property=\"og:locale\" content=\"de_DE\" \/>\n<meta property=\"og:type\" content=\"article\" \/>\n<meta property=\"og:title\" content=\"Caf\u00e9 - the aarburg\" \/>\n<meta property=\"og:description\" content=\"Das Interlaken Cafe serviert Kaffeespezialit\u00e4ten, lokales Bier &amp; Wein und modernes Fr\u00fchst\u00fcck, Mittagessen &amp; Brunch.\" \/>\n<meta property=\"og:url\" content=\"https:\/\/theaarburg.ch\/de\/cafe\/\" \/>\n<meta property=\"og:site_name\" content=\"the aarburg\" \/>\n<meta property=\"article:publisher\" content=\"https:\/\/www.facebook.com\/theaarburg\/\" \/>\n<meta property=\"article:modified_time\" content=\"2023-03-11T17:28:21+00:00\" \/>\n<meta property=\"og:image\" content=\"https:\/\/theaarburg.ch\/wp-content\/plugins\/bb-plugin\/img\/pixel.png\" \/>\n<meta name=\"twitter:card\" content=\"summary_large_image\" \/>\n<script type=\"application\/ld+json\" class=\"yoast-schema-graph\">{\"@context\":\"https:\/\/schema.org\",\"@graph\":[{\"@type\":\"WebPage\",\"@id\":\"https:\/\/theaarburg.ch\/de\/cafe\/\",\"url\":\"https:\/\/theaarburg.ch\/de\/cafe\/\",\"name\":\"Caf\u00e9 - the aarburg\",\"isPartOf\":{\"@id\":\"https:\/\/theaarburg.ch\/de\/#website\"},\"datePublished\":\"2021-01-24T18:37:40+00:00\",\"dateModified\":\"2023-03-11T17:28:21+00:00\",\"description\":\"Das Interlaken Cafe serviert Kaffeespezialit\u00e4ten, lokales Bier & Wein und modernes Fr\u00fchst\u00fcck, Mittagessen & Brunch.\",\"breadcrumb\":{\"@id\":\"https:\/\/theaarburg.ch\/de\/cafe\/#breadcrumb\"},\"inLanguage\":\"de\",\"potentialAction\":[{\"@type\":\"ReadAction\",\"target\":[\"https:\/\/theaarburg.ch\/de\/cafe\/\"]}]},{\"@type\":\"BreadcrumbList\",\"@id\":\"https:\/\/theaarburg.ch\/de\/cafe\/#breadcrumb\",\"itemListElement\":[{\"@type\":\"ListItem\",\"position\":1,\"name\":\"Home\",\"item\":\"https:\/\/theaarburg.ch\/de\/home\/\"},{\"@type\":\"ListItem\",\"position\":2,\"name\":\"Caf\u00e9\"}]},{\"@type\":\"WebSite\",\"@id\":\"https:\/\/theaarburg.ch\/de\/#website\",\"url\":\"https:\/\/theaarburg.ch\/de\/\",\"name\":\"the aarburg\",\"description\":\"Hotel &amp; Caf\u00e9\",\"publisher\":{\"@id\":\"https:\/\/theaarburg.ch\/de\/#organization\"},\"potentialAction\":[{\"@type\":\"SearchAction\",\"target\":{\"@type\":\"EntryPoint\",\"urlTemplate\":\"https:\/\/theaarburg.ch\/de\/?s={search_term_string}\"},\"query-input\":\"required name=search_term_string\"}],\"inLanguage\":\"de\"},{\"@type\":\"Organization\",\"@id\":\"https:\/\/theaarburg.ch\/de\/#organization\",\"name\":\"the aarburg\",\"url\":\"https:\/\/theaarburg.ch\/de\/\",\"logo\":{\"@type\":\"ImageObject\",\"inLanguage\":\"de\",\"@id\":\"https:\/\/theaarburg.ch\/de\/#\/schema\/logo\/image\/\",\"url\":\"https:\/\/theaarburg.ch\/wp-content\/uploads\/2019\/04\/the-aarburg-lockup-subline-blue.svg\",\"contentUrl\":\"https:\/\/theaarburg.ch\/wp-content\/uploads\/2019\/04\/the-aarburg-lockup-subline-blue.svg\",\"width\":1,\"height\":1,\"caption\":\"the aarburg\"},\"image\":{\"@id\":\"https:\/\/theaarburg.ch\/de\/#\/schema\/logo\/image\/\"},\"sameAs\":[\"https:\/\/www.facebook.com\/theaarburg\/\",\"https:\/\/www.instagram.com\/theaarburg\/\"]}]}<\/script>\n<!-- \/ Yoast SEO plugin. -->","yoast_head_json":{"title":"Caf\u00e9 - the aarburg","description":"Das Interlaken Cafe serviert Kaffeespezialit\u00e4ten, lokales Bier & Wein und modernes Fr\u00fchst\u00fcck, Mittagessen & Brunch.","robots":{"index":"index","follow":"follow","max-snippet":"max-snippet:-1","max-image-preview":"max-image-preview:large","max-video-preview":"max-video-preview:-1"},"canonical":"https:\/\/theaarburg.ch\/de\/cafe\/","og_locale":"de_DE","og_type":"article","og_title":"Caf\u00e9 - the aarburg","og_description":"Das Interlaken Cafe serviert Kaffeespezialit\u00e4ten, lokales Bier & Wein und modernes Fr\u00fchst\u00fcck, Mittagessen & Brunch.","og_url":"https:\/\/theaarburg.ch\/de\/cafe\/","og_site_name":"the aarburg","article_publisher":"https:\/\/www.facebook.com\/theaarburg\/","article_modified_time":"2023-03-11T17:28:21+00:00","og_image":[{"url":"https:\/\/theaarburg.ch\/wp-content\/plugins\/bb-plugin\/img\/pixel.png"}],"twitter_card":"summary_large_image","schema":{"@context":"https:\/\/schema.org","@graph":[{"@type":"WebPage","@id":"https:\/\/theaarburg.ch\/de\/cafe\/","url":"https:\/\/theaarburg.ch\/de\/cafe\/","name":"Caf\u00e9 - the aarburg","isPartOf":{"@id":"https:\/\/theaarburg.ch\/de\/#website"},"datePublished":"2021-01-24T18:37:40+00:00","dateModified":"2023-03-11T17:28:21+00:00","description":"Das Interlaken Cafe serviert Kaffeespezialit\u00e4ten, lokales Bier & Wein und modernes Fr\u00fchst\u00fcck, Mittagessen & Brunch.","breadcrumb":{"@id":"https:\/\/theaarburg.ch\/de\/cafe\/#breadcrumb"},"inLanguage":"de","potentialAction":[{"@type":"ReadAction","target":["https:\/\/theaarburg.ch\/de\/cafe\/"]}]},{"@type":"BreadcrumbList","@id":"https:\/\/theaarburg.ch\/de\/cafe\/#breadcrumb","itemListElement":[{"@type":"ListItem","position":1,"name":"Home","item":"https:\/\/theaarburg.ch\/de\/home\/"},{"@type":"ListItem","position":2,"name":"Caf\u00e9"}]},{"@type":"WebSite","@id":"https:\/\/theaarburg.ch\/de\/#website","url":"https:\/\/theaarburg.ch\/de\/","name":"the aarburg","description":"Hotel &amp; Caf\u00e9","publisher":{"@id":"https:\/\/theaarburg.ch\/de\/#organization"},"potentialAction":[{"@type":"SearchAction","target":{"@type":"EntryPoint","urlTemplate":"https:\/\/theaarburg.ch\/de\/?s={search_term_string}"},"query-input":"required name=search_term_string"}],"inLanguage":"de"},{"@type":"Organization","@id":"https:\/\/theaarburg.ch\/de\/#organization","name":"the aarburg","url":"https:\/\/theaarburg.ch\/de\/","logo":{"@type":"ImageObject","inLanguage":"de","@id":"https:\/\/theaarburg.ch\/de\/#\/schema\/logo\/image\/","url":"https:\/\/theaarburg.ch\/wp-content\/uploads\/2019\/04\/the-aarburg-lockup-subline-blue.svg","contentUrl":"https:\/\/theaarburg.ch\/wp-content\/uploads\/2019\/04\/the-aarburg-lockup-subline-blue.svg","width":1,"height":1,"caption":"the aarburg"},"image":{"@id":"https:\/\/theaarburg.ch\/de\/#\/schema\/logo\/image\/"},"sameAs":["https:\/\/www.facebook.com\/theaarburg\/","https:\/\/www.instagram.com\/theaarburg\/"]}]}},"_links":{"self":[{"href":"https:\/\/theaarburg.ch\/de\/wp-json\/wp\/v2\/pages\/1217"}],"collection":[{"href":"https:\/\/theaarburg.ch\/de\/wp-json\/wp\/v2\/pages"}],"about":[{"href":"https:\/\/theaarburg.ch\/de\/wp-json\/wp\/v2\/types\/page"}],"author":[{"embeddable":true,"href":"https:\/\/theaarburg.ch\/de\/wp-json\/wp\/v2\/users\/1"}],"replies":[{"embeddable":true,"href":"https:\/\/theaarburg.ch\/de\/wp-json\/wp\/v2\/comments?post=1217"}],"version-history":[{"count":3,"href":"https:\/\/theaarburg.ch\/de\/wp-json\/wp\/v2\/pages\/1217\/revisions"}],"predecessor-version":[{"id":1696,"href":"https:\/\/theaarburg.ch\/de\/wp-json\/wp\/v2\/pages\/1217\/revisions\/1696"}],"wp:attachment":[{"href":"https:\/\/theaarburg.ch\/de\/wp-json\/wp\/v2\/media?parent=1217"}],"curies":[{"name":"wp","href":"https:\/\/api.w.org\/{rel}","templated":true}]}}

Café

<section class="ta-home-hero">
        <div class="home-hero-slider cafe">
                            <div class="home-hero-image"><img data-lazy="https://theaarburg.ch/wp-content/uploads/2019/04/the-aarburg-best-cafe-interlaken.jpg" alt="" /></div>
                            <div class="home-hero-image"><img data-lazy="https://theaarburg.ch/wp-content/uploads/2022/02/Cafe-Bar.jpg" alt="" /></div>
                            <div class="home-hero-image"><img data-lazy="https://theaarburg.ch/wp-content/uploads/2021/01/Drone-Photo-6.jpg" alt="" /></div>
                    </div>

    </section>
<h2></h2>
<h4>Öffnungszeiten:</h4>


<h1></h1>



	
            <div id="theAarburgMenu" class="menuIframe">
            <iframe src="https://theaarburg.ch/wp-content/uploads/2026/04/Food-Spring-2026-compressed.pdf" width="100%" height="100%"></iframe>
        </div>

	
            <div 
                class="elfsight-widget-instagram-feed elfsight-widget" 
                data-elfsight-instagram-feed-options="%7B%22apiChangesMessage%22%3Anull%2C%22sourceType%22%3A%22businessAccount%22%2C%22source%22%3A%5B%22%40theaarburg%22%5D%2C%22personalAccessToken%22%3A%22%22%2C%22businessAccessToken%22%3A%22e1e42ac6-001f-46b5-b48e-8d6b80b50124%22%2C%22businessAccount%22%3A%7B%22name%22%3A%22The%20Aarburg%22%2C%22value%22%3A%2217841405451167277%22%2C%22username%22%3A%22theaarburg%22%2C%22profile_picture_url%22%3A%22https%3A%5C%2F%5C%2Fscontent-lax3-2.xx.fbcdn.net%5C%2Fv%5C%2Ft51.2885-15%5C%2F80093255_643173856487816_8420373745624940544_n.jpg%3F_nc_cat%3D111%26ccb%3D2%26_nc_sid%3D86c713%26_nc_ohc%3DJJE6mR7AjVMAX80HnKb%26_nc_ht%3Dscontent-lax3-2.xx%26oh%3D5977236fcb12e915723b3767074e9ad2%26oe%3D603193EB%22%7D%2C%22position%22%3A%22%22%2C%22businessHashtag%22%3A%22%23eiffeltower%22%2C%22filterOnly%22%3A%5B%5D%2C%22filterExcept%22%3A%5B%5D%2C%22limit%22%3A0%2C%22order%22%3A%22date%22%2C%22layout%22%3A%22slider%22%2C%22postTemplate%22%3A%22tile%22%2C%22columns%22%3A6%2C%22rows%22%3A1%2C%22gutter%22%3A20%2C%22responsive%22%3A%5B%7B%22minWidth%22%3A%22768%22%2C%22columns%22%3A%222%22%2C%22rows%22%3A1%2C%22gutter%22%3A%2220%22%7D%2C%7B%22minWidth%22%3A%22998%22%2C%22columns%22%3A%223%22%2C%22rows%22%3A%221%22%2C%22gutter%22%3A%2220%22%7D%5D%2C%22width%22%3A%22auto%22%2C%22callToActionButtons%22%3A%5B%5D%2C%22postElements%22%3A%5B%22user%22%2C%22date%22%2C%22instagramLink%22%2C%22likesCount%22%2C%22commentsCount%22%2C%22share%22%2C%22text%22%5D%2C%22popupElements%22%3A%5B%22user%22%2C%22location%22%2C%22followButton%22%2C%22instagramLink%22%2C%22likesCount%22%2C%22share%22%2C%22text%22%2C%22comments%22%2C%22date%22%5D%2C%22imageClickAction%22%3A%22popup%22%2C%22sliderArrows%22%3Atrue%2C%22sliderDrag%22%3Atrue%2C%22sliderSpeed%22%3A0.28%2C%22sliderAutoplay%22%3A%22%22%2C%22colorScheme%22%3A%22default%22%2C%22colorPostOverlayBg%22%3A%22rgba%2813%2C%2036%2C%2054%2C%200.8%29%22%2C%22colorPostOverlayText%22%3A%22rgb%28253%2C%20253%2C%20253%29%22%2C%22colorPostBg%22%3A%22rgb%28255%2C%20255%2C%20255%29%22%2C%22colorPostText%22%3A%22rgb%280%2C%200%2C%200%29%22%2C%22colorPostLinks%22%3A%22rgb%280%2C%2053%2C%20107%29%22%2C%22colorSliderArrows%22%3A%22rgb%28253%2C%20253%2C%20253%29%22%2C%22colorSliderArrowsBg%22%3A%22rgb%2813%2C%2036%2C%2054%29%22%2C%22colorGridLoadMoreButton%22%3A%22rgb%28243%2C%20171%2C%2060%29%22%2C%22colorPopupOverlay%22%3A%22rgba%2843%2C%2043%2C%2043%2C%200.9%29%22%2C%22colorPopupBg%22%3A%22rgb%28253%2C%20253%2C%20253%29%22%2C%22colorPopupText%22%3A%22rgb%280%2C%200%2C%200%29%22%2C%22colorPopupLinks%22%3A%22rgb%280%2C%2053%2C%20105%29%22%2C%22colorPopupFollowButton%22%3A%22rgb%28243%2C%20171%2C%2060%29%22%2C%22colorPopupCtaButton%22%3A%22rgb%28243%2C%20171%2C%2060%29%22%2C%22widgetTitle%22%3A%22%22%2C%22lang%22%3A%22en%22%2C%22apiUrl%22%3A%22https%3A%5C%2F%5C%2Ftheaarburg.ch%5C%2Fde%5C%2Fwp-json%5C%2Felfsight-instagram-feed%5C%2Fapi%22%2C%22apiProxyUrl%22%3A%22https%3A%5C%2F%5C%2Ftheaarburg.ch%5C%2Fde%5C%2Fwp-json%5C%2Felfsight-instagram-feed%22%2C%22widgetId%22%3A%222%22%7D" 
                data-elfsight-instagram-feed-version="4.0.1"
                data-elfsight-widget-id="elfsight-instagram-feed-2">
            </div>
            
				<img decoding="async" src="https://theaarburg.ch/wp-content/plugins/bb-plugin/img/pixel.png" alt="" itemprop="image" onerror="this.style.display='none'"  />
<h1></h1>

<p>Öffnungszeiten:</p>

<!-- This site is optimized with the Yoast SEO plugin v21.8.1 - https://yoast.com/wordpress/plugins/seo/ -->
<title>Café - the aarburg</title>
<meta name="description" content="Das Interlaken Cafe serviert Kaffeespezialitäten, lokales Bier &amp; Wein und modernes Frühstück, Mittagessen &amp; Brunch." />
<meta name="robots" content="index, follow, max-snippet:-1, max-image-preview:large, max-video-preview:-1" />
<link rel="canonical" href="https://theaarburg.ch/de/cafe/" />
<meta property="og:locale" content="de_DE" />
<meta property="og:type" content="article" />
<meta property="og:title" content="Café - the aarburg" />
<meta property="og:description" content="Das Interlaken Cafe serviert Kaffeespezialitäten, lokales Bier &amp; Wein und modernes Frühstück, Mittagessen &amp; Brunch." />
<meta property="og:url" content="https://theaarburg.ch/de/cafe/" />
<meta property="og:site_name" content="the aarburg" />
<meta property="article:publisher" content="https://www.facebook.com/theaarburg/" />
<meta property="article:modified_time" content="2023-03-11T17:28:21+00:00" />
<meta property="og:image" content="https://theaarburg.ch/wp-content/plugins/bb-plugin/img/pixel.png" />
<meta name="twitter:card" content="summary_large_image" />
<script type="application/ld+json" class="yoast-schema-graph">{"@context":"https://schema.org","@graph":[{"@type":"WebPage","@id":"https://theaarburg.ch/de/cafe/","url":"https://theaarburg.ch/de/cafe/","name":"Café - the aarburg","isPartOf":{"@id":"https://theaarburg.ch/de/#website"},"datePublished":"2021-01-24T18:37:40+00:00","dateModified":"2023-03-11T17:28:21+00:00","description":"Das Interlaken Cafe serviert Kaffeespezialitäten, lokales Bier & Wein und modernes Frühstück, Mittagessen & Brunch.","breadcrumb":{"@id":"https://theaarburg.ch/de/cafe/#breadcrumb"},"inLanguage":"de","potentialAction":[{"@type":"ReadAction","target":["https://theaarburg.ch/de/cafe/"]}]},{"@type":"BreadcrumbList","@id":"https://theaarburg.ch/de/cafe/#breadcrumb","itemListElement":[{"@type":"ListItem","position":1,"name":"Home","item":"https://theaarburg.ch/de/home/"},{"@type":"ListItem","position":2,"name":"Café"}]},{"@type":"WebSite","@id":"https://theaarburg.ch/de/#website","url":"https://theaarburg.ch/de/","name":"the aarburg","description":"Hotel &amp; Café","publisher":{"@id":"https://theaarburg.ch/de/#organization"},"potentialAction":[{"@type":"SearchAction","target":{"@type":"EntryPoint","urlTemplate":"https://theaarburg.ch/de/?s={search_term_string}"},"query-input":"required name=search_term_string"}],"inLanguage":"de"},{"@type":"Organization","@id":"https://theaarburg.ch/de/#organization","name":"the aarburg","url":"https://theaarburg.ch/de/","logo":{"@type":"ImageObject","inLanguage":"de","@id":"https://theaarburg.ch/de/#/schema/logo/image/","url":"https://theaarburg.ch/wp-content/uploads/2019/04/the-aarburg-lockup-subline-blue.svg","contentUrl":"https://theaarburg.ch/wp-content/uploads/2019/04/the-aarburg-lockup-subline-blue.svg","width":1,"height":1,"caption":"the aarburg"},"image":{"@id":"https://theaarburg.ch/de/#/schema/logo/image/"},"sameAs":["https://www.facebook.com/theaarburg/","https://www.instagram.com/theaarburg/"]}]}</script>
<!-- / Yoast SEO plugin. -->

Café - the aarburg

Das Interlaken Cafe serviert Kaffeespezialitäten, lokales Bier & Wein und modernes Frühstück, Mittagessen & Brunch.

Hotel &amp; Café
